hen p is divided by 138?
133
Let s be (120/(-120))/(1 + -1 - -1). Let k(l) = 22*l + 3. Let f(b) = 44*b + 5. Let m(g) = 2*f(g) - 5*k(g). What is the remainder when 32 is divided by m(s)?
15
Let m(z) = 2*z**2 + 31*z + 168. Calculate the remainder when 196 is divided by m(-8).
4
Suppose 0 = 5*j - 0 - 10. Suppose 0 = j*o + 4*o + 180. Let x = o + 33. What is the remainder when 12 is divided by x?
0
Suppose 18758 = 74*s + 92*s. What is the remainder when 173 is divided by s?
60
Suppose -2*f - 136 - 126 = -5*o, -3*o - 3*f + 174 = 0. Suppose -4*n + 10 = -2*n, 3*n + o = 3*v. Let t = 33 - v. What is the remainder when 28 is divided by t?
8
Suppose 5*v - 79*v = 17*v - 8099. What is the remainder when v is divided by 20?
9
Let i(l) = l**3 + 7*l**2 - 19*l + 20. Suppose -693 = -6*r - r. What is the remainder when r is divided by i(-9)?
12
Suppose -693 - 1517 = -13*w. What is the remainder when w is divided by 43?
41
Let u = 211123 + -211100. Let z = 20 - 8. Calculate the remainder when (0 + 33)/(z/16) is divided by u.
21
Let d = 83 - 78. Suppose -d*v + 40 = 5*r, -4*r + 5*r + 3*v - 16 = 0. Suppose a + 95 = 4*p + 2*a, 35 = p + r*a. What is the remainder when 158 is divided by p?
20
Let b = 16 - 22. Suppose -66 = -2*i - 4*w, -2*i + 21 = -3*w - 2*w. Calculate the remainder when b/2 - (-1 + -93) is divided by i.
22
Suppose 5*i = -37*k + 32*k + 60, -3*k - 20 = -4*i. What is the remainder when 244 is divided by i?
4
Suppose -60 - 72 = -33*j. Suppose j*d = -3*y + 74, -4*y + 62 = -10*d + 8*d. What is the remainder when 142 is divided by y?
16
Let t(f) = 41*f + 1496. Calculate the remainder when t(-19) is divided by 72.
69
Let p(d) = -938*d + 3849. Calculate the remainder when 210 is divided by p(4).
16
Suppose 3169 + 415 = 14*f. What is the remainder when 297 is divided by f?
41
Suppose -1484 = -4*w + 5*o - 10*o, 5*w - 1864 = -4*o. Let u = w - 90. Calculate the remainder when u is divided by 41.
40
Let u(v) = 6*v - 7. Let x be 6/(-45)*-21*-5. Let y be u(x). Let q = 231 + y. Calculate the remainder when q is divided by 36.
32
Suppose 2*i - 75 = -3*i. Let s(g) = -4*g - 19. Let a be s(-7). Suppose a + 9 = 3*l. What is the remainder when i is divided by l?
3
Let i(j) = 4198 + 52*j + 23*j - 4200. Calculate the remainder when i(1) is divided by 20.
13
Suppose 3*p - 200 = -2*r - p, 4 = -4*p. Calculate the remainder when 392 is divided by r.
86
Let j = 342 - 398. What is the remainder when 51 is divided by j*(-3 - (-20)/8)?
23
Suppose -2306 - 7792 = -0*f - 17*f. Calculate the remainder when f is divided by 12.
6
Calculate the remainder when 1726 is divided by 19/((-38)/(-260)) + 12/(-7 + 11).
130
Suppose 7 = -g + 13. Suppose 0*l - 792 = -g*l. Suppose 2*z + 8 = 4*z, -l = -4*w - 5*z. What is the remainder when w is divided by 17?
11
Let t be (-9)/1 + (-12)/4. Let z = t - -86. Let a = -1262 + 1277. Calculate the remainder when z is divided by a.
14
Suppose 17*m = 13*m - y + 1346, 2*y + 1352 = 4*m. Suppose -m*h - 198 = -343*h. What is the remainder when 72 is divided by h?
6
Let t = 517 - 509. Suppose -644 = -t*a - 100. Calculate the remainder when a is divided by 15.
8
Let r = -14 + 8. Let h(x) = 7*x + 24. Let a be h(r). Let s = a + 41. What is the remainder when s is divided by 6?
5
Let l(v) = 15*v**3 + 2*v**2 - 47*v + 44. What is the remainder when (-6681)/(-15) + (-8)/20 is divided by l(1)?
11
Let d = -146 - -94. Let y = 135 + d. Suppose 5*b - 3*l + 25 = 6*b, l - y = -5*b. Calculate the remainder when 46 is divided by b.
14
Let v = -5050 - -5396. Calculate the remainder when v is divided by 29.
27
Suppose 4*z + 92 = 4*t, -7*t + 75 = -2*t + 3*z. Suppose -10*q = t - 38. What is the remainder when 38 is divided by q?
0
Suppose -4*o = -q + 54, -4*q - 1440 = 2*o - 1764. Let r = 19 + -11. Calculate the remainder when q is divided by r.
6
Let h = 28 - 17. Suppose -10*z + 6*z = -16. Suppose -8*g = -z*g - 80. What is the remainder when g is divided by h?
9
Let r(m) = 6*m**2 - 10*m + 2. Let h be r(7). Let g = 261 - h. Calculate the remainder when 91 is divided by g.
21
Let f(p) = 229*p - 910. Suppose 2*v - v - w = 5, 0 = v - 4*w - 14. Suppose v*y + y - 15 = 0. Calculate the remainder when f(4) is divided by y.
1
Suppose -f - d = -211 + 34, 5*f - 915 = 5*d. Let y be (-12)/8*-12*(-10)/(-4). Let i = 91 - y. Calculate the remainder when f is divided by i.
42
Let a(s) = 7*s - 10. Let n be a(2). Suppose 0 = -n*c + x + 265, -128 = -2*c + 3*x - 7*x. Let f = c + -51. What is the remainder when f is divided by 6?
3
Let a = 26590 + -26304. Calculate the remainder when 572 is divided by a.
0
Let s = 85 - 78. Let c(p) be the third derivative of -p**4/8 - 4*p**3 + 20*p**2. Calculate the remainder when c(-12) is divided by s.
5
Let j(u) = -8*u + 42. Let h(z) = -18*z + 85. Let i(p) = -3*h(p) + 7*j(p). What is the remainder when i(-18) is divided by 26?
23
Suppose 36*n + 7 = 331. Calculate the remainder when 3410 is divided by n.
8
Let g(n) = -n**3 - 2*n**2 - 61*n - 167. Calculate the remainder when 251 is divided by g(-3).
1
What is the remainder when 3657 is divided by ((-27)/(-12))/(13 + 13481/(-1040))?
57
Let u = 830 - 789. What is the remainder when 542 is divided by u?
9
Suppose 9254 - 23648 - 34646 = -80*x. What is the remainder when 1843 is divided by x?
4
Suppose 4*k = p + 7, 16*k - 20*k + 12 = 0. Suppose -p*y = 4*a + 2 + 2, 12 = -a - 4*y. Suppose r - 36 = -2*r. Calculate the remainder when r is divided by a.
0
Suppose -308 = -7*g + 294. Suppose 0 = -g*f + 80*f + 120. What is the remainder when 78 is divided by f?
18
Let h be -3 + 2 - (-5 + -194). Suppose 25*s + h = 31*s. Calculate the remainder when (-1)/(-1)*(5 - 6)*-95 is divided by s.
29
Suppose 2*f + 5*c - 42 + 28 = 0, -4*f + c + 28 = 0. What is the remainder when 29 is divided by f + -6 - (2 - 11)?
9
Let f = -354 + 373. Suppose 1056 = f*c + 14*c. Calculate the remainder when 172 is divided by c.
12
Suppose -4*r = -2*l - 52, -40*l = -37*l - 18. Let v(g) = 8*g**2 - g + 4. Calculate the remainder when v(-3) is divided by r.
15
Let j(r) = -48*r - 323. Let k be j(-7). What is the remainder when (5 - -153) + -20 + k is divided by 51?
49
Suppose 5*j + 0 = 20. Calculate the remainder when (8/(160/(-90))*6)/(8 - 9) is divided by j.
3
Let a(y) = 19*y**2 + y - 1. Suppose -2*j - 58*p + 60*p = -22, -3*p - 50 = -4*j. What is the remainder when a(-2) is divided by j?
5
Let x(o) = -o**2 - 6*o - 5. Let z be x(-9). Let w be 1 - 4/5*345/(-6). Let f = w + z. Calculate the remainder when 40 is divided by f.
10
Suppose -5*z + 2*h + 257 = 0, 6 = -5*z + 4*h + 285. Let i = -1 + 3. What is the remainder when z is divided by 28/(-21)*-6*i?
15
Suppose 5*v = 25, 226 = 4*i + 2*v + 164. Calculate the remainder when 168 is divided by i.
12
Let c(p) = 11*p**2 - 2*p + 2. Calculate the remainder when c(-5) is divided by (30/15)/((-3)/(-24)).
15
Suppose -4*i = -12, 72 = 3*k + 24*i - 23*i. Suppose 0 = -10*f + 5*f + 85. Suppose -16*p + f*p - 6 = 0. What is the remainder when k is divided by p?
5
Suppose -123*j + 3466 = -4160. Calculate the remainder when 1794 is divided by j.
58
Let t be 4/(8/326) - (-11 + 8). Let p = -105 + t. What is the remainder when 303 is divided by p?
59
Let d = -2150 - -2155. Calculate the remainder when 959 is divided by d.
4
Suppose 8*u = 4*u + 588. Suppose 10*p = 23 + u. Let o = p - -35. Calculate the remainder when o is divided by 18.
16
Suppose -3*w + 7 + 9 = -s, 0 = w - 4*s - 9. Suppose 16*c - 22 = w*c. Suppose -c*g = -g - 139. Calculate the remainder when g is divided by 35.
34
Suppose 0 = 4*y + 221 - 261. Calculate the remainder when 1/5 + 5472/40 is divided by y.
7
Let a(l) = -4*l**2 + 106*l + 474. What is the remainder when a(29) is divided by 9?
4
Let r(x) = x**2 + 7*x + 21. Suppose -5*m + 49 = -12*m. Let v be r(m). What is the remainder when -5 - (-1080)/v - (-4)/7 is divided by 25?
22
Let i = -75 + 147. Suppose -i*b + 62*b = -560. Calculate the remainder when 390 is divided by b.
54
Suppose -20 = -o - 25, 5*o = 2*y - 167. Calculate the remainder when y is divided by (-1)/(3/(-2) - 68/(-48)).
11
Suppose -9*q + 12*q = 3*j + 39, -4*q + 49 = -3*j. Calculate the remainder when q is divided by 13 + 6/(-10)*(-15)/(-3).
0
Suppose 4*q + 2*z = 24, 0 = z - 4. What is the remainder when 41 is divided by q?
1
Suppose 73*c - 4664 = -33*c. Calcu